ative of -b**3/2 - 11*b**2/2 - b. What is the remainder when r(-8) is divided by 4?
1
What is the remainder when (-6633)/(-121) + (-2)/(-11) is divided by 14?
13
Let p = 14 - 14. Suppose g - 72 = -p*a - 2*a, 5*g = -3*a + 332. What is the remainder when g is divided by 22?
20
Suppose 2*m + 4*m - 120 = 0. What is the remainder when m is divided by 14?
6
Suppose -f - 3*d + 0 - 3 = 0, -4 = 5*f + 4*d. Suppose -z = -f*z - 5. What is the remainder when 6 is divided by z?
1
Suppose -2 - 2 = 2*f. Let y(u) = -2*u**3 - u**2 - u. Suppose 4*n + 31 = 139. What is the remainder when n is divided by y(f)?
13
Let n = 95 - 3. Suppose 5*j = 9*j - n. Calculate the remainder when j is divided by 8.
7
Let k(o) = -2*o**3 + 2*o - 1. Calculate the remainder when (1 - 2)/(1/(-28)) is divided by k(-2).
6
Let h(i) = 5*i**2 + i + 2. What is the remainder when 37 is divided by h(-2)?
17
Let p(o) = o**2 + 6*o + 5. Let a be p(-4). What is the remainder when 10 is divided by 8*a/8*-2?
4
Let x be 4/6 - 13/(-3). Suppose 0 = 3*z, -x*z + 7 - 35 = -4*j. Suppose 8*m = 135 - 39. Calculate the remainder when m is divided by j.
5
Let c = -49 - -73. Calculate the remainder when 46 is divided by c.
22
Let m(d) = -2*d**2 - 2*d. Let q be m(-2). Let n = -7 + 20. What is the remainder when n is divided by (-36)/q - (4 - 2)?
6
Let x be 34/10 - 12/30. Let r(z) = -2*z**3 + z**2 - z - 3. Let v be r(x). What is the remainder when v/2*(-8)/6 is divided by 12?
10
Let k be 0/(3*6/(-9)). Suppose -5*r + 492 - 157 = k. Calculate the remainder when r is divided by 17.
16
Let w = -48 - -33. Let z = 25 + w. Suppose -5*v = -2*v - 87. Calculate the remainder when v is divided by z.
9
Suppose 0 = -f - 2*f + 66. Calculate the remainder when f is divided by ((-20)/25)/(1/(-15)).
10
Suppose 6 + 8 = -q + 4*x, -4*q + 14 = -2*x. Calculate the remainder when 10 is divided by q.
4
Let x be 14 + (-1 - 0) + 0. Suppose -o = d - 10, -2*o - x - 2 = -5*d. Suppose -4*s = -3*s - 3. Calculate the remainder when o is divided by s.
2
Let r(p) = 6 - 2 + 0*p + p. Calculate the remainder when 2 is divided by r(-3).
0
Let i(h) = h**2 - 5*h + 3. Let o be i(5). Suppose 0 = u - v - 17, 2*v - 61 = -o*u + 3*v. What is the remainder when 85 is divided by u?
19
Let n be (4/3)/(14/42). Suppose -i + 32 = -0*i. Suppose y - i = -2*q, 3*y + 45 - 1 = n*q. Calculate the remainder when 40 is divided by q.
12
Let k(v) = v**2 + 9*v + 3. Let s be k(-8). Let d(g) = g**2 + 2. Calculate the remainder when d(s) is divided by 14.
13
Let d(u) = 2*u**2 - 3*u + 3. What is the remainder when 45 is divided by d(3)?
9
Calculate the remainder when 78/(-4)*(-7)/21*18 is divided by 24.
21
Let j(n) = 5*n**2 + 5*n - 1. Calculate the remainder when j(3) is divided by 15.
14
Suppose 3*c + v = 67, 40 = 2*c - 6*v + 2*v. Let w = 3 + -2. Let j = w + c. Calculate the remainder when j is divided by 12.
11
Suppose -240 = -0*r - 4*r. Calculate the remainder when r is divided by 21.
18
Let p = -59 + 105. What is the remainder when 181 is divided by p?
43
Let p = -196 + 301. Suppose l - 6 = 2*v + 28, 5*l + 3*v = p. What is the remainder when l is divided by 13?
11
What is the remainder when ((-25)/2)/((-16)/32) is divided by 14?
11
Suppose 0 = 2*i + 6, 0 = -x + i + 12. Suppose 0*b - 8*b = 0. Let o(r) = -r**3 + r**2 - r + 33. Calculate the remainder when o(b) is divided by x.
6
Let d be (-68)/18 - 4/18. Let x be 2*-1 - (d + -13). Let n = x - -1. Calculate the remainder when n is divided by 6.
4
Let a(c) be the first derivative of -c**2 - 3*c + 4. Calculate the remainder when a(-10) is divided by 9.
8
Suppose -3*q - 5*n + 19 = -2*q, 2*q + n - 29 = 0. Calculate the remainder when q is divided by 1 + (6 - (-1)/1).
6
Suppose -12 - 8 = 5*q. Let l = -2 - q. Suppose 0*j - l*j = -76. What is the remainder when j is divided by 20?
18
Let w(g) = -g**2 - 6*g - 3 - 3 + 1. Let r be w(-5). Suppose -5*s + 3*m - 2 = r, s - 3*m - 2*m = -18. Calculate the remainder when s is divided by 2.
0
Let z(g) = -g**2 + 30*g + 57. Let i(u) = u**3 - 7*u**2 + 3*u - 9. What is the remainder when z(30) is divided by i(7)?
9
What is the remainder when 43 is divided by 7 + (7 - (0 - -3))?
10
Let j = 23 - 3. What is the remainder when 79 is divided by j?
19
Let v be (-3)/(-6)*-2 + 86. Suppose -4*m = -2*d + 6, 4*d + d + 4*m = v. What is the remainder when d is divided by 6 + 2*1/(-2)?
3
Suppose a = -a. Suppose a*r + g - 85 = -5*r, 51 = 3*r + 4*g. Suppose 5*x - 4*x - 9 = 0. Calculate the remainder when r is divided by x.
8
Let c(i) = i**3 + 5*i**2 - 7*i + 10. Let l be c(-7). Let w = l + 114. What is the remainder when w is divided by 19?
18
Suppose 0 = -5*k - 3*d + 21, -7 = -5*k - 5*d + 18. Suppose -k*m - m + 64 = 0. Calculate the remainder when m is divided by (-3 - -2)/((-3)/18).
4
Let j(s) = s + 2. Let n be j(0). Suppose d - 12 = -3*d. What is the remainder when 5 + (-1*2)/n is divided by d?
1
Suppose -5*a + 0*l = l - 38, -a = -4*l - 16. What is the remainder when 29 is divided by a?
5
Suppose 0*b + 3*b + 194 = 5*u, 0 = 4*u - 4*b - 152. Suppose -3*w + 57 = 4*p + p, 4*w - 59 = -p. Calculate the remainder when u is divided by w.
12
Let b(j) = -4*j - 8*j + 1 + 2*j. Let q be b(1). Calculate the remainder when 37 is divided by 74/6 - 6/q.
11
Let w(j) = -4*j - 3. Let h be w(-2). Let r be ((-10)/6)/(h/(-15)). What is the remainder when 6/r - (-1)/(-5) is divided by 1?
0
Let r(n) = 69*n + 2 - 4 + 4 - 1. Let s = 2 - 1. Calculate the remainder when r(s) is divided by 24.
22
What is the remainder when 5 is divided by 2 + (-4 - (-2 - 5))?
0
Let t be 3 - (0 + 1 - 0). What is the remainder when (t/1)/((-2)/(-35)) is divided by 18?
17
Suppose j - 5*j + 5*t = 9, -3*t = -3*j - 3. Suppose -k + 1 = -o - 23, 0 = j*k + o - 86. What is the remainder when k is divided by 8?
6
Let g be (2/(-5))/(3/(-90)). What is the remainder when 4 is divided by 2/8 - (-33)/g?
1
Suppose 6 = 2*k - 2. Suppose 4*c = -b + 5, b + 2 + 17 = k*c. Let o(f) = f**2 + 6*f + 4. What is the remainder when 19 is divided by o(b)?
8
Let l(j) = -3*j - 7. What is the remainder when 19 is divided by l(-4)?
4
Let x = 22 - 11. Calculate the remainder when 64 is divided by x.
9
Let f = 9 + -4. Suppose 114 = f*w - 6. Suppose -w + 5 = -u + 3*d, 0 = -2*u + 4*d + 28. Calculate the remainder when u is divided by 3.
1
Suppose -2*w = -3*w + 7. Suppose -u = 0, 3*k - 4*k + 4*u - 13 = 0. Let a = k - -25. What is the remainder when a is divided by w?
5
Let b = 2 + -12. Calculate the remainder when 37 is divided by (8/b)/(6/(-75)).
7
Suppose -8*l = -4*l - 40. Calculate the remainder when (1/1 - -2) + 34 is divided by l.
7
Suppose -6*v + 7*v - 17 = 0. Let g = 3 - -11. Suppose -4*l + g + 10 = 0. Calculate the remainder when v is divided by l.
5
Let b(v) = -4*v**2 + 13*v - 5. Let p(x) = x**2 - 3*x + 1. Let s(w) = 2*b(w) + 9*p(w). Let r = 18 + -4. Calculate the remainder when r is divided by s(3).
4
Suppose 0 = -0*i - 9*i + 162. What is the remainder when i is divided by 13?
5
Let l(k) = 2*k**3 - 6*k**2 - 2*k + 9. What is the remainder when 197 is divided by l(4)?
32
Suppose -5*v + f + 123 = 0, -2*v + 52 = -13*f + 14*f. What is the remainder when 122 is divided by v?
22
Let u be 3354/21 + 2/7. Suppose 10*r - 5*r + u = 0. Calculate the remainder when 8/(-6)*(r - -5) is divided by 19.
17
Suppose 0 = 4*s + 2*s - 1386. Suppose s = 3*x - 0*x. Calculate the remainder when x is divided by 16.
13
Let j = 2 - -27. Suppose -2*q + 23 = -j. Let n(i) = 3*i**2 + 5*i + 2. Calculate the remainder when q is divided by n(-3).
12
Let s(k) = -k**2 + 10*k - 2. Let p be s(9). Let c = -14 - -10. Let r = p + c. What is the remainder when r is divided by 3?
0
Let x(u) = 16*u**2 - 1. Suppose 0 = -5*m - 4*j + 157, -m + 18 = j - 14. Calculate the remainder when m is divided by x(1).
14
Suppose 0 = -5*p + 3*c + 44, 0 = -p - c + 11 + 1. What is the remainder when 26 is divided by p?
6
Let w be (2/(-4))/((-1)/12). Let v(s) = 9*s + 8. What is the remainder when v(w) is divided by (-192)/(-8) - (-6)/(-2)?
20
Suppose -4*z + 0*z + 84 = 4*b, -3*b = 4*z - 63. Calculate the remainder when b is divided by 8.
5
Let v = -148 + 201. Suppose 4*h - 53 = -13. What is the remainder when v is divided by 4/h + (-68)/(-5)?
11
Suppose 6*t - 42 = 18. Let h(x) = -x + 19 + x + x**2. Calculate the remainder when h(0) is divided by t.
